e 16
-1b2e1
-152aa9 (base 11) to base 3
-110002210222
What is -1b026 (base 15) in base 12?
-42976
Convert 87a04a (base 14) to base 6.
242323414
What is 110111101111010 (base 2) in base 3?
1110010222
-bec02 (base 15) to base 6
-21001215
What is 3133020313 (base 4) in base 16?
df237
What is 21e040 (base 15) in base 6?
54352353
What is 230463 (base 8) in base 2?
10011000100110011
Convert 5d4ea (base 15) to base 2.
1001000110010001000
Convert bb7ab7 (base 13) to base 8.
20660175
What is -5a723 (base 12) in base 13?
-436b3
Convert 1344303 (base 7) to base 9.
302726
Convert 20a646 (base 13) to base 15.
101cbd
Convert 5143808 (base 9) to base 14.
5166bb
-66b56b (base 13) to base 7
-26414466
Convert 1001110101100011101 (base 2) to base 14.
8567b
What is -2112312003 (base 4) in base 5?
-124232414
What is 132002100123 (base 4) in base 9?
15730443
296222 (base 10) to base 8
1102436
What is -1027873 (base 10) in base 16?
-faf21
What is 3a828 (base 14) in base 10?
144292
Convert 31022433 (base 5) to base 6.
5220522
Convert 70022d (base 14) to base 9.
7067786
Convert -78040 (base 10) to base 7.
-443344
-575541 (base 8) to base 11
-12390a
What is 5515a (base 13) in base 6?
3145042
What is -b4923 (base 12) in base 7?
-2003004
Convert 10043431 (base 5) to base 13.
2abc9
What is ed72 (base 15) in base 6?
1024442
Convert -30210320 (base 4) to base 9.
-77585
Convert 406655 (base 8) to base 7.
1100225
What is -43032 (base 8) in base 11?
-12535
What is -11003103 (base 4) in base 14?
-777d
Convert 15523401 (base 7) to base 12.
605163
What is -148331 (base 9) in base 6?
-1543044
What is 1650035 (base 8) in base 3?
220100102102
What is 1e24da (base 15) in base 8?
5502614
What is 16034a (base 11) in base 16?
3cde2
Convert 31d82 (base 14) to base 5.
12330104
Convert 30682007 (base 9) to base 7.
236301526
What is 116470 (base 8) in base 5?
2241443
-11232123220 (base 4) to base 5
-341012104
Convert -25bb0 (base 15) to base 12.
-59a79
Convert -3880d4 (base 15) to base 16.
-295b34
Convert 33023451 (base 6) to base 2.
11110000000010010111
Convert 2454131 (base 8) to base 3.
1021110000021
Convert -1021202200101 (base 3) to base 2.
-10100111000100001010
What is 2736d (base 14) in base 16?
179d5
-2252524 (base 6) to base 16
-1c504
206153 (base 14) to base 11
6867a4
Convert -1110275 (base 8) to base 6.
-10225101
What is -133004313 (base 6) in base 12?
-a83699
Convert -4432002 (base 5) to base 13.
-2914b
What is -465664 (base 8) in base 7?
-1230343
Convert 100110001001110101 (base 2) to base 6.
3203301
-154545155 (base 6) to base 12
-11381bb
What is -53a35 (base 14) in base 3?
-101021112022
-6c1505 (base 16) to base 13
-16100ab
What is -122644 (base 16) in base 7?
-13052524
c7171 (base 14) to base 8
1652357
3110122231 (base 4) to base 16
d46ad
Convert -3c880 (base 16) to base 15.
-4d6e1
What is -323312403 (base 6) in base 8?
-25771463
What is -11021131202 (base 4) in base 15?
-1b9c9e
-1330854 (base 9) to base 10
-728968
What is c37be (base 16) in base 11?
4a7641
1223311113 (base 4) to base 14
b6d71
What is 35a1649 (base 12) in base 15?
daa116
What is 10101122122121 (base 3) in base 10?
1804021
34835 (base 10) to base 5
2103320
Convert 25052243 (base 7) to base 11.
12a6084
Convert 235b18 (base 12) to base 2.
10001011001100000100
1111001101112 (base 3) to base 15
1088a8
What is -1001000100011111011010 (base 2) in base 12?
-967b8a
Convert 13843625 (base 9) to base 4.
122033112200
What is -15856773 (base 9) in base 4?
-132111000222
What is -22223 (base 12) in base 5?
-2421433
What is -18518 (base 13) in base 14?
-131b5
276710 (base 8) to base 11
67481
Convert -21309 (base 13) to base 5.
-3403320
Convert 262202 (base 7) to base 10.
48806
455ade (base 16) to base 8
21255336
1111100001101101101001 (base 2) to base 6
223123425
-2120231 (base 5) to base 12
-187a3
Convert -430163 (base 9) to base 8.
-764021
Convert 117151 (base 16) to base 4.
10113011101
-321a58 (base 11) to base 16
-7dbdf
Convert -3c842 (base 14) to base 7.
-1162512
Convert 1308ba (base 12) to base 3.
120212102221
Convert 45987 (base 11) to base 6.
1231231
130341234 (base 5) to base 7
5262226
-253333405 (base 6) to base 9
-10238375
Convert 24011031 (base 5) to base 11.
13aa20
3535684 (base 9) to base 8
7231162
Convert 1556868 (base 10) to base 7.
16142655
Convert -32012031333 (base 4) to base 3.
-20221202020220
-1330031210 (base 4) to base 14
-d35ac
-630523 (base 7) to base 14
-2b683
What is 6331 (base 8) in base 14?
12ad
What is 17261 (base 11) in base 3?
1020021210
Convert -2d289 (base 15) to base 8.
-434450
-11010001011000100010 (base 2) to base 3
-1121120110020
What is 2105364 (base 10) in base 15?
2b8c29
What is -637398 (base 11) in base 12?
-412354
What is 1718335 (base 9) in base 15?
13da52
What is 2142367 (base 8) in base 12?
238707
What is -5612d (base 15) in base 12?
-112437
770b8 (base 12) to base 13
5683a
-242402450 (base 6) to base 14
-87bbb0
What is 16406350 (base 8) in base 12?
1335748
2224130 (base 6) to base 10
112374
What is -1268634 (base 12) in base 11?
-2054948
What is -129624 (base 10) in base 3?
-20120210220
What is -14a195 (base 15) in base 9?
-1777215
Convert 33000322 (base 4) to base 8.
170072
-4507ad (base 15) to base 13
-8b3759
What is -316120 (base 7) in base 8?
-153237
What is -63f49 (base 16) in base 2?
-1100011111101001001
Convert 21247052 (base 8) to base 10.
4541994
23f79 (base 16) to base 3
21111002100
What is -4536525 (base 8) in base 2?
-100101011110101010101
Convert 140081 (base 11) to base 14.
5a0d2
Convert -122a47 (base 14) to base 8.
-2277127
What is -b3429 (base 15) in base 9?
-1055053
What is 6937a8 (base 11) in base 3?
2002001002002
118564 (base 10) to base 6
2312524
Convert -230112525 (base 6) to base 9.
-7824268
Convert -20111001200 (base 3) to base 14.
-3471a
Convert 383627 (base 11) to base 12.
252171
Convert 28808 (base 14) to base 8.
304010
Convert 3a01f (base 16) to base 2.
111010000000011111
What is 10ae08 (base 15) in base 14?
16a295
-132206015 (base 7) to base 8
-40346054
Convert -272888 (base 9) to base 7.
-1261403
-291817 (base 10) to base 2
-1000111001111101001
10923b (base 13) to base 10
391454
-103202 (base 5) to base 9
-4776
Convert 3545534 (base 6) to base 5.
21412224
What is -1177105 (base 8) in base 12?
-139459
Convert -2200001044 (base 5) to base 11.
-271199a
Convert 6768423 (base 9) to base 6.
210102420
Convert -1824a (base 14) to base 13.
-218bc
326ebb (base 15) to base 12
97a71b
25405 (base 9) to base 5
1021341
What is -56ab6 (base 12) in base 13?
-40824
What is 81321 (base 15) in base 2?
1100011110111111001
What is -c4d7d (base 15) in base 3?
-1011201000201
Convert -1214430 (base 6) to base 2.
-1111110000010010
Convert 120220222 (base 4) to base 11.
698a3
Convert -36b76b (base 12) to base 16.
-d9883
What is -5052 (base 6) in base 9?
-1465
Convert -29737a (base 12) to base 10.
-696910
b7a8f (base 16) to base 7
6252132
-923ad (base 16) to base 13
-17c818
What is -7277856 (base 10) in base 15?
-98b606
15450330 (base 6) to base 15
ad386
What is -304230131 (base 5) in base 7?
-13363366
-289226 (base 13) to base 6
-33124545
-b652 (base 12) to base 10
-19934
What is -11543025 (base 6) in base 8?
-1325171
What is -10331160 (base 9) in base 7?
-60222612
-2ea2d (base 16) to base 15
-3b8eb
Convert -60654 (base 9) to base 10.
-39901
Convert 602255 (base 8) to base 12.
96579
What is -23201001123 (base 4) in base 11?
-1782113
What is -10234245 (base 6) in base 12?
-125985
What is -1365537 (base 8) in base 9?
-651128
Convert -1100010100001011011 (base 2) to base 5.
-100403142
What is -3451f (base 16) in base 12?
-a4027
-1177830 (base 9) to base 6
-21433043
4434144 (base 5) to base 12
38980
What is 17172242 (base 8) in base 13?
a9b3a3
Convert -159022 (base 11) to base 14.
-65a5d
-2b47 (base 15) to base 14
-355a
-169881 (base 11) to base 12
-1076b9
Convert 44133434 (base 5) to base 3.
201022221101
What is -11110001011010000111 (base 2) in base 4?
-3301122013
Convert -333012201 (base 4) to base 14.
-6a29b
What is 132213133 (base 4) in base 14?
339b9
133534 (base 11) to base 9
348468
What is -11220021021 (base 3) in base 7?
-551056
122020202101 (base 3) to base 11
212109
Convert -150448 (base 9) to base 10.
-92222
Convert -2004422 (base 5) to base 7.
-161615
2666546 (b